 o.
2, 3
Let h = 3502 + -2106. List the prime factors of h.
2, 349
Let l = 10013 - 6813. List the prime factors of l.
2, 5
Let j = -5556 - -9682. List the prime factors of j.
2, 2063
Suppose 0 = 23*p - 33154 + 5462. List the prime factors of p.
2, 7, 43
Suppose -373 = 2*r - 2*t - 3495, 4*r - 2*t - 6242 = 0. List the prime factors of r.
2, 3, 5, 13
List the prime factors of (-293 + 1 + 5)/(-1).
7, 41
Let w(y) be the third derivative of -y**4/6 + 13*y**3/6 - 10*y**2. What are the prime factors of w(-6)?
37
Suppose 4*s = -3*p + 1225, -2*s = -p - 421 - 204. What are the prime factors of s?
2, 5, 31
Let v(s) = 7*s - 5. Let z be v(11). List the prime factors of (-13)/(-2)*z/3.
2, 3, 13
Suppose q + 526 = c, 536 = c - 12*q + 16*q. List the prime factors of c.
2, 3, 11
Let i = 43 + -39. What are the prime factors of (-1)/i + (-578)/(-8)?
2, 3
Let x = 3507 - -175. What are the prime factors of x?
2, 7, 263
Let z(a) = 10*a + 163. What are the prime factors of z(20)?
3, 11
Let u(k) = -k - 16. Let y be u(-13). Let m be (-2)/y*645/10. Suppose 0 = 4*z + j - 177, 2*z - 33 - m = 2*j. What are the prime factors of z?
43
Let c = 523 + 274. What are the prime factors of c?
797
List the prime factors of -2355*(-2 + 48/60).
2, 3, 157
Suppose -4*k + 7 = -9. Let p(n) = n**3 - 5*n**2 + 11*n - 6. Let s be p(2). Suppose k*j = 5*j - s. List the prime factors of j.
2
Let s = 88 - 84. Let n = 191 + s. List the prime factors of n.
3, 5, 13
Let c = 9 + -6. Suppose c*m - 8 = m. Suppose 3*x - 3*k = 153, x = m*x - 4*k - 149. List the prime factors of x.
5, 11
Suppose -267 = -14*z + 279. List the prime factors of z.
3, 13
Let n be 21/(-35) - (-23)/5. Suppose -3*t + n = -2*t. List the prime factors of 13 - t/8*-8.
17
Suppose 0 = 6*j - 194 - 130. What are the prime factors of j?
2, 3
Suppose -4*b + 3324 = -124. What are the prime factors of b?
2, 431
Let q be 1 + 6 - (-1 - -3). Suppose -2*j - 274 = -q*a, 2*a - 5*j - 280 = -3*a. List the prime factors of a.
2, 3
Suppose -n - 147 + 756 = -5*m, 3*m = -4*n + 2528. List the prime factors of n.
17, 37
Let v(h) = 4*h - 4 - 8 + 12. Let y be v(6). Let p = y - 0. What are the prime factors of p?
2, 3
Let r(i) = -5*i + 1. Let a(m) = -10*m + 2. Let g(u) = 3*a(u) - 5*r(u). Let n be g(-3). Let p = n + -2. What are the prime factors of p?
2, 7
Let o = 3 + -4. List the prime factors of 316/4 - (-2)/(2 + o).
3
Let m be 1 + 249 + -1 + 1. Let v = m + -150. What are the prime factors of v?
2, 5
Let w be 22/6 + (-8)/(-24). Let b = -4 + w. Suppose -5*i - d + 302 = b, -7*i + 4*d + 292 = -2*i. List the prime factors of i.
2, 3, 5
Let u = 1615 + -940. What are the prime factors of u?
3, 5
Suppose -d - 2*p + 6 = -p, 16 = -2*d + 5*p. Let g(s) = -s**2 + 6*s - 3. Let v be g(d). Suppose y = 5 + v. What are the prime factors of y?
2, 5
Let g = 9 - 2. Suppose 11*a + 4 = g*a. List the prime factors of (-3)/(a/(-10)*-2).
3, 5
Let q(u) = 2*u**2 + 12*u - 49. Let p be q(6). Suppose -310 = -3*m + p. List the prime factors of m.
3, 5
Let p(z) = 9*z - 28. Let y(d) = -3. Let a(m) = 3*p(m) - 24*y(m). List the prime factors of a(4).
2, 3
List the prime factors of (-15 - -14)*-3*102.
2, 3, 17
Let s = -2037 + 2209. What are the prime factors of s?
2, 43
Let p = 792 + -534. List the prime factors of p.
2, 3, 43
Suppose -126*y = -415919 - 149569. List the prime factors of y.
2, 3, 11, 17
Let a(m) = m**3 - 8*m**2 + 5*m - 1. Let v be a(7). Let l = -12 - v. Suppose l*q - 52 = -i + 31, 0 = 2*q + 2*i - 50. List the prime factors of q.
29
Suppose 3*g + 562 - 7390 = 0. What are the prime factors of g?
2, 569
Let g be 1 - 206*(-3)/2. Suppose 4*x + h + 279 = 4*h, 4*h + g = -5*x. What are the prime factors of 15/(-5) - (x - 2)?
5, 13
Suppose 3*u - 4*z = -0*u + 6, -6 = -2*z. What are the prime factors of ((-2)/u)/((-2)/66)?
11
What are the prime factors of 5144029/1158 - (-10)/12?
3, 1481
Suppose -8*k + 1394 = 26*k. List the prime factors of k.
41
What are the prime factors of ((-402)/(-36)*-8)/(2/(-27))?
2, 3, 67
Let v be (1 - -8)/((-5)/(-45)). Suppose 0 = 3*o - 6*o + 2*q + 74, 0 = -2*o - 5*q + v. Let j = -11 + o. What are the prime factors of j?
17
Let i be 2 - (0 - (-3 - -73)). Suppose 0 = -3*o - o + i. List the prime factors of (-24)/(-108) - (-824)/o.
2, 23
Let t(w) = 18*w**2 + w - 1. Let c be t(1). Let f(i) = -i**3 + 19*i**2 - 14*i + 1. List the prime factors of f(c).
73
Let i be 0 + 2*(-71 - 0). Let b = -40 - i. Let u = 161 - b. What are the prime factors of u?
59
Let c(g) = g**3 + 9*g**2 + 7*g - 16. Let h be c(-7). Let z = h + 5. List the prime factors of z.
2, 19
Suppose -4*b + 2*d + 9366 = 0, 3*b + 3*d - 5*d = 7022. What are the prime factors of b?
2, 293
Let b = -749 + 939. What are the prime factors of b?
2, 5, 19
Let a(s) = -s**3 + 18*s**2 - 14*s - 2. Suppose -3*i + f + 50 = 0, i - 4*f = -f + 22. List the prime factors of a(i).
2, 11, 13
Let g(a) be the second derivative of a**3/6 + a**2 - 5*a. Let k be g(0). What are the prime factors of (4/(-6))/(k/(-75))?
5
Let d be 3 - 9/2 - 75/(-10). Suppose 0 = 5*h + 5, d*o - 3*o + 5*h = 205. What are the prime factors of o?
2, 5, 7
Suppose 5*a = -20, -10*a - 3882 = -2*x - 5*a. List the prime factors of x.
1931
Suppose -5*o - 16 = 3*d - 381, 4*d + 120 = 2*o. List the prime factors of o.
2, 5, 7
Suppose -u - 3*w = 4*u - 14536, -4*u = 2*w - 11628. What are the prime factors of u?
2, 1453
Suppose 27 = a + 228. Let r = -110 - a. What are the prime factors of r?
7, 13
Let c be 37/7 + (-12)/42. What are the prime factors of ((-18)/c)/(10/(-100))?
2, 3
Let k(d) be the third derivative of -d**4/24 + d**3/3 - 2*d**2. Let u be k(-2). Suppose 3*t + 153 = u*w, 0*t = -2*t + 2. What are the prime factors of w?
3, 13
Let c(p) = p**3 - 2*p**2 - 31*p + 4. Let y be (-2)/(10/(-31)) + 44/55. List the prime factors of c(y).
2
Let g be (1 + 1)/((-20)/(-30)). Suppose -7*x + g*x - 224 = 0. Let d = -34 - x. What are the prime factors of d?
2, 11
Let n(j) = 8*j**2 + 4*j - 2. Let u be n(3). Suppose g + 5*t = 123, -4*g = -2*t + u - 530. What are the prime factors of g?
113
Let u(d) = -11*d**3 + 7*d**2 - 8*d. Let i(b) = -b**3 - b. Let n(a) = 4*i(a) - u(a). What are the prime factors of n(3)?
2, 3, 23
Let i = 7238 + -2984. What are the prime factors of i?
2, 3, 709
Let s(u) = 10*u - 10. Let h be s(2). Suppose -5*j + 3*v = -59, -4*v + 2*v = 6. Suppose -5*n + z = -126, n = -5*z + h + j. What are the prime factors of n?
5
Let d = 826 - 382. List the prime factors of d.
2, 3, 37
Let c be (2976/(-36))/(2/(-3)). Suppose -3*z + 39 = o, 4*o - z = 58 + c. What are the prime factors of o?
3, 5
Let j be 606/(-21) + (-5)/35. Let c = 21 - j. What are the prime factors of c?
2, 5
Suppose -3*p = 2*p. Suppose p = -k + 3. Let w(j) = 12*j + 5. List the prime factors of w(k).
41
Let s = 41 - 19. Suppose -h = h - s. List the prime factors of (40*1)/(-10 + h).
2, 5
Let a(q) = 1077*q**2 + 13*q - 27. List the prime factors of a(2).
59, 73
Suppose 3*f = -2*m - 1 - 12, -4*m = -3*f - 37. Let g = f - -12. Suppose 5*x - 3*z = z + 80, 3*x - 61 = g*z. What are the prime factors of x?
2, 3
Let m(o) be the first derivative of -o**2/2 + 52*o - 3. What are the prime factors of m(0)?
2, 13
Let i(p) = 4 - 2 + 2 + 5*p + 8. Let r be i(-9). Let j = -18 - r. What are the prime factors of j?
3, 5
Let z(c) = 105*c + 19. List the prime factors of z(15).
2, 797
Suppose 40 = 3*m - h, -4*h = 5*m - 50 - 28. Suppose -5*l = -20, 2*l - m = -a - 0*l. List the prime factors of a.
2, 3
Let t(s) = -11*s - 9. Let o(a) = 11*a + 8. Let g(x) = 5*o(x) + 4*t(x). Let n(b) = -5*b + 22. Let u be n(4). What are the prime factors of g(u)?
2, 13
Let s(n) = n + 18. Suppose -6*g - 24 = -3*g. Let m be s(g). Let b(v) = v**3 - 11*v**2 + 12*v + 13. What are the prime factors of b(m)?
3, 11
Let v be 20/11 - 6/(-33). Suppose -2*x = 4*k - 258, 83 = 3*k - v*x - 107. What are the prime factors of k?
2
Suppose -h - 695 = -5*l - 6*h, -2*h = 6. Let z = 26 + -107. Let j = z + l. What are the prime factors of j?
61
What are the prime factors of (-13 - -1)*(-525)/(0 - -15)?
2, 3, 5, 7
Suppose -12 = -4*z - 4. Suppose -3*w = -3*y + 210, y - 2*y - z*w + 70 = 0. List the prime factors of y.
2, 5, 7
Suppose -2*a + 625 + 189 = 0. List the prime factors of a.
11, 37
Suppose -476 - 1225 = -9*q. What are the prime factors of q?
3, 7
Let l be (1*(-8 +